nd 28?
4
What is the greatest common factor of 3510 and 58669299?
351
What is the highest common factor of 13 and 127658037?
13
What is the highest common divisor of 9 and 16913277?
9
Calculate the greatest common factor of 9336 and 8772168.
24
What is the highest common divisor of 10832 and 13651028?
2708
Calculate the highest common factor of 2109333 and 2090943.
1839
What is the greatest common divisor of 90 and 21880370?
10
What is the greatest common divisor of 4399672 and 1788?
596
Calculate the greatest common factor of 565 and 5975101.
113
What is the highest common factor of 6 and 5013144?
6
What is the highest common factor of 91959703 and 11?
11
Calculate the highest common divisor of 11 and 160637081.
11
Calculate the highest common divisor of 18619 and 8342.
43
Calculate the greatest common divisor of 160892344 and 2512.
1256
Calculate the highest common factor of 882807 and 9.
3
Calculate the highest common factor of 3255 and 3168324.
93
What is the greatest common factor of 4602 and 6036290?
1534
Calculate the highest common divisor of 1176 and 529272.
24
What is the highest common divisor of 1088 and 1951105504?
544
What is the highest common divisor of 61076377 and 2?
1
What is the highest common factor of 3308022 and 102342?
222
Calculate the greatest common factor of 7164 and 1109268.
36
What is the greatest common factor of 20 and 18794255?
5
What is the highest common divisor of 28984120 and 50?
10
Calculate the highest common divisor of 1714 and 33063917.
857
Calculate the greatest common factor of 54908254 and 3246.
1082
What is the greatest common divisor of 155818 and 46982?
338
Calculate the highest common divisor of 70 and 2366035.
35
What is the greatest common divisor of 4156 and 11520432?
4156
What is the greatest common factor of 10986 and 223019462?
3662
What is the highest common factor of 30582392 and 984?
328
What is the greatest common divisor of 5761481 and 55?
11
Calculate the highest common factor of 2482713 and 6114978.
7983
Calculate the greatest common factor of 130451179 and 7473.
2491
Calculate the greatest common factor of 1095572463 and 1338.
669
What is the highest common factor of 1820 and 960540?
140
What is the greatest common divisor of 2329 and 826969675?
2329
What is the highest common divisor of 14011786 and 3370?
674
Calculate the greatest common divisor of 3171860 and 931.
19
What is the highest common divisor of 2755570 and 4750?
190
What is the greatest common factor of 48903535 and 33664?
263
What is the greatest common divisor of 505950 and 108?
6
What is the highest common factor of 4041439 and 248?
31
What is the highest common factor of 16776230 and 11723?
617
What is the highest common divisor of 399 and 34160994?
21
Calculate the highest common divisor of 768 and 28861696.
256
Calculate the greatest common divisor of 86837107 and 1015.
203
Calculate the highest common factor of 152 and 9026767.
19
Calculate the highest common factor of 75820 and 201241444.
15164
What is the highest common factor of 3663894 and 2195?
439
Calculate the greatest common divisor of 7047 and 17806.
29
What is the greatest common divisor of 5225 and 159089755?
1045
What is the highest common factor of 44848282 and 106?
106
Calculate the greatest common divisor of 31768 and 13112.
88
Calculate the highest common factor of 1674405 and 100323.
1413
Calculate the highest common divisor of 7537431 and 96063.
2343
What is the greatest common divisor of 62230989 and 123?
123
Calculate the greatest common divisor of 105 and 162385.
5
What is the highest common divisor of 28 and 103942664?
28
What is the greatest common factor of 70 and 131488570?
10
What is the highest common divisor of 309315 and 416670?
255
Calculate the highest common factor of 6298343 and 704306.
5773
Calculate the greatest common factor of 32 and 406446.
2
Calculate the greatest common divisor of 9239975 and 338225.
2075
What is the greatest common factor of 155524 and 2301228?
2636
What is the highest common divisor of 94033558 and 2444?
94
What is the highest common factor of 6046 and 52366?
2
What is the greatest common divisor of 3224 and 59176?
104
Calculate the greatest common factor of 5170 and 20205394.
1034
Calculate the greatest common divisor of 379643 and 11.
11
Calculate the greatest common divisor of 705980 and 9130.
110
What is the greatest common factor of 212 and 4236714?
106
Calculate the highest common divisor of 2016 and 338808.
24
What is the greatest common factor of 2360 and 2577360?
40
Calculate the greatest common divisor of 384614 and 166.
2
What is the greatest common factor of 7052 and 15382175?
1763
What is the highest common divisor of 402619605 and 30?
15
Calculate the greatest common divisor of 260736 and 1542009.
2037
What is the greatest common divisor of 1818227 and 183?
61
What is the greatest common factor of 4786380 and 10260?
180
What is the greatest common divisor of 142313766 and 1428?
714
Calculate the greatest common divisor of 27437111 and 65.
13
What is the greatest common divisor of 2342272 and 1479?
29
Calculate the greatest common divisor of 19430686 and 88.
22
What is the highest common factor of 11132178 and 510?
102
Calculate the highest common factor of 148 and 19444684.
148
Calculate the highest common divisor of 55868597 and 317843.
10253
Calculate the greatest common divisor of 318081 and 840345.
1389
Calculate the greatest common divisor of 12096 and 83214.
54
What is the greatest common divisor of 538393 and 1775?
71
What is the highest common divisor of 9229402 and 931?
133
Calculate the greatest common divisor of 7679404 and 2.
2
Calculate the highest common divisor of 6226 and 302313.
11
What is the greatest common divisor of 404717 and 11771?
79
Calculate the greatest common divisor of 651 and 33648423.
93
Calculate the highest common factor of 2475 and 605325.
75
Calculate the highest common divisor of 17305512 and 336.
168
Calculate the greatest common factor of 528984 and 199712.
632
What is the highest common divisor of 105336 and 121638?
1254
Calculate the greatest common divisor of 97464 and 23253024.
3144
Calculate the greatest common factor of 4165562 and 2954.
422
Calculate the greatest common divisor of 1352 and 1027845832.
1352
What is the highest common factor of 13515390 and 270?
270
Calculate the highest common divisor of 31210472 and 13408.
3352
What is the highest common divisor of 3682 and 83874?
14
Calculate the highest common factor of 39038597 and 95.
19
What is the highest common factor of 820 and 135820?
20
What is the greatest common factor of 128440 and 184?
8
What is the highest common factor of 32040 and 22238460?
180
What is the greatest common factor of 23 and 2959273?
1
What is the greatest common divisor of 2276381 and 562?
281
Calculate the highest common factor of 31236 and 28065957.
411
Calculate the greatest common divisor of 215307822 and 102.
102
What is the greatest common factor of 6785496 and 18396?
2628
Calculate the highest common factor of 2258267 and 22.
11
What is the highest common divisor of 44583875 and 1450?
725
Calculate the highest common factor of 148149708 and 7.
7
What is the highest common divisor of 2114 and 97332788?
2114
What is the greatest common factor of 150 and 1981725?
75
What is the greatest common divisor of 11016 and 627264?
648
Calculate the greatest common factor of 295868 and 884.
68
Calculate the highest common factor of 36 and 58761702.
18
Calculate the greatest common divisor of 1024 and 7337152.
64
What is the greatest common divisor of 7812 and 62437788?
252
What is the highest common divisor of 6612 and 1996273?
551
Calculate the highest common divisor of 1850 and 6382426.
74
What is the greatest common factor of 217725 and 51825?
75
What is the greatest common factor of 34 and 114815484?
34
What is the greatest common divisor of 41936 and 12410435?
2621
What is the greatest common divisor of 9084 and 133884?
12
Calculate the greatest common factor of 1101158214 and 156.
78
Calculate the highest common divisor of 31820928 and 2422.
346
What is the highest common divisor of 74980 and 50830?
230
What is the highest common factor of 3586560 and 1320?
120
Calculate the highest common divisor of 1432 and 2